e 3) to base 10.
-11
What is 82 (base 15) in base 7?
233
What is 4 (base 9) in base 12?
4
-131 (base 6) to base 2
-110111
Convert -11 (base 8) to base 12.
-9
What is 23 (base 7) in base 10?
17
-51 (base 9) to base 5
-141
Convert 4 (base 16) to base 14.
4
3 (base 10) to base 16
3
What is -1040 (base 5) in base 13?
-b2
-22102 (base 3) to base 8
-343
What is -8 (base 10) in base 12?
-8
What is -11 (base 16) in base 7?
-23
-b (base 15) to base 8
-13
-106 (base 8) to base 4
-1012
What is 3 (base 13) in base 16?
3
-2a (base 13) to base 10
-36
-99 (base 13) to base 3
-11200
What is 12 (base 8) in base 11?
a
101 (base 2) to base 10
5
a (base 14) to base 10
10
What is -fe (base 16) in base 10?
-254
4 (base 6) to base 9
4
-1 (base 3) to base 2
-1
-d (base 14) to base 16
-d
Convert -5b (base 13) to base 16.
-4c
What is 2 (base 9) in base 11?
2
111 (base 5) to base 11
29
Convert 100 (base 2) to base 10.
4
What is 39 (base 11) in base 12?
36
What is 10 (base 3) in base 14?
3
-2 (base 16) to base 7
-2
12 (base 8) to base 4
22
Convert -58 (base 15) to base 9.
-102
4 (base 7) to base 11
4
-23 (base 12) to base 2
-11011
Convert 110100 (base 2) to base 14.
3a
-19 (base 16) to base 9
-27
What is 54 (base 13) in base 3?
2120
-3 (base 10) to base 2
-11
22 (base 7) to base 12
14
What is 212 (base 6) in base 5?
310
What is -1 (base 3) in base 14?
-1
What is -41 (base 13) in base 14?
-3b
Convert 1 (base 16) to base 12.
1
-3 (base 13) to base 4
-3
Convert 6 (base 13) to base 6.
10
Convert 35 (base 7) to base 11.
24
Convert -f (base 16) to base 7.
-21
What is 606 (base 7) in base 4?
10230
What is -7 (base 9) in base 7?
-10
Convert -1110 (base 2) to base 9.
-15
-427 (base 9) to base 13
-20b
Convert 111110 (base 2) to base 5.
222
What is a (base 16) in base 10?
10
Convert 189 (base 13) to base 5.
2112
-5 (base 14) to base 6
-5
-3 (base 13) to base 11
-3
What is 27 (base 13) in base 6?
53
2 (base 15) to base 7
2
Convert 0 (base 5) to base 12.
0
Convert -1 (base 2) to base 13.
-1
-4 (base 7) to base 12
-4
100 (base 3) to base 11
9
Convert 101 (base 2) to base 6.
5
7f (base 16) to base 10
127
What is -3 (base 4) in base 8?
-3
Convert -126 (base 8) to base 10.
-86
-2 (base 3) to base 12
-2
What is -19 (base 13) in base 11?
-20
3a (base 12) to base 2
101110
Convert 4 (base 8) to base 6.
4
Convert 4 (base 5) to base 6.
4
What is 212 (base 3) in base 6?
35
211 (base 3) to base 12
1a
-35 (base 11) to base 12
-32
Convert -4 (base 14) to base 7.
-4
What is 1 (base 6) in base 11?
1
What is -2 (base 8) in base 16?
-2
-1 (base 9) to base 10
-1
What is -62 (base 8) in base 15?
-35
-47 (base 9) to base 12
-37
Convert 83 (base 9) to base 4.
1023
Convert -1000 (base 2) to base 10.
-8
1 (base 13) to base 9
1
Convert 0 (base 10) to base 6.
0
-1 (base 6) to base 8
-1
Convert 4 (base 9) to base 4.
10
Convert 112 (base 4) to base 8.
26
What is -1c (base 16) in base 2?
-11100
-120 (base 4) to base 13
-1b
Convert -111 (base 2) to base 7.
-10
Convert 8 (base 15) to base 10.
8
Convert 11 (base 6) to base 4.
13
What is -2 (base 6) in base 5?
-2
Convert -140 (base 6) to base 13.
-48
-7 (base 15) to base 7
-10
What is 5 (base 6) in base 15?
5
-1 (base 10) to base 14
-1
What is -196 (base 12) in base 6?
-1110
What is 2 (base 8) in base 16?
2
Convert -a (base 13) to base 5.
-20
3 (base 4) to base 7
3
-c (base 13) to base 14
-c
Convert -5 (base 9) to base 4.
-11
-1 (base 16) to base 14
-1
Convert -200 (base 3) to base 16.
-12
What is 100 (base 2) in base 10?
4
0 (base 11) to base 14
0
What is -8 (base 16) in base 2?
-1000
What is 7 (base 15) in base 10?
7
What is -3 (base 16) in base 2?
-11
Convert -2 (base 10) to base 11.
-2
-8 (base 10) to base 5
-13
Convert 1100111 (base 2) to base 3.
10211
What is -6 (base 12) in base 11?
-6
Convert -22 (base 16) to base 6.
-54
5 (base 13) to base 10
5
-4 (base 11) to base 8
-4
Convert -3 (base 8) to base 9.
-3
1 (base 14) to base 12
1
What is 1 (base 15) in base 10?
1
-1 (base 5) to base 6
-1
What is -2 (base 12) in base 8?
-2
-4 (base 6) to base 8
-4
What is 37 (base 15) in base 7?
103
31 (base 9) to base 11
26
-12 (base 8) to base 5
-20
Convert -48 (base 11) to base 5.
-202
What is -2 (base 5) in base 15?
-2
-11 (base 16) to base 6
-25
Convert -3 (base 5) to base 4.
-3
What is -80 (base 10) in base 3?
-2222
Convert 83 (base 13) to base 6.
255
What is -57 (base 11) in base 3?
-2022
Convert -10021 (base 3) to base 9.
-107
-11 (base 8) to base 3
-100
Convert -3 (base 5) to base 11.
-3
Convert -1 (base 15) to base 3.
-1
6 (base 7) to base 16
6
What is 70 (base 10) in base 9?
77
What is -b (base 16) in base 3?
-102
2 (base 16) to base 2
10
-2 (base 4) to base 5
-2
43 (base 12) to base 7
102
Convert 3 (base 16) to base 6.
3
11110 (base 2) to base 15
20
5e (base 15) to base 2
1011001
a9 (base 13) to base 10
139
What is 23 (base 7) in base 2?
10001
-2 (base 3) to base 10
-2
Convert -16 (base 16) to base 9.
-24
Convert 3 (base 9) to base 16.
3
What is 216 (base 11) in base 16?
103
Convert 17 (base 8) to base 14.
11
What is 4 (base 5) in base 11?
4
What is -3 (base 15) in base 9?
-3
Convert 1 (base 3) to base 10.
1
Convert -4 (base 6) to base 11.
-4
Convert 4 (base 16) to base 13.
4
153 (base 6) to base 10
69
What is 101 (base 4) in base 7?
23
What is -c (base 15) in base 16?
-c
What is 35 (base 8) in base 3?
1002
-2 (base 13) to base 16
-2
What is 1 (base 6) in base 2?
1
What is -20 (base 16) in base 7?
-44
17 (base 11) to base 6
30
Convert 24 (base 14) to base 16.
20
Convert a (base 11) to base 13.
a
Convert -1111 (base 2) to base 15.
-10
2a (base 15) to base 14
2c
-4 (base 5) to base 9
-4
Convert -1 (base 11) to base 5.
-1
What is -6 (base 15) in base 8?
-6
0 (base 2) to base 7
0
What is -101 (base 2) in base 5?
-10
What is 1 (base 10) in base 3?
1
Convert 4 (base 8) to base 9.
4
Convert 40 (base 5) to base 16.
14
0 (base 4) to base 2
0
What is -10 (base 8) in base 7?
-11
What is 10001 (base 2) in base 7?
23
What is -4 (base 11) in base 8?
-4
What is -9 (base 11) in base 13?
-9
What is 1c (base 15) in base 10?
27
What is -2 (base 11) in base 14?
-2
Convert 20 (base 5) to base 16.
a
Convert 36 (base 13) to base 12.
39
11 (base 9) to base 10
10
13 (base 6) to base 7
12
100 (base 3) to base 15
9
What is 12121 (base 3) in base 16?
97
What is 70 (base 8) in base 3?
2002
Convert -164 (base 10) to base 12.
-118
-205 (base 6) to base 3
-2212
What is 5 (base 13) in base 4?
11
What is 1 (base 16) in base 5?
1
What is -21 (base 4) in base 8?
-11
d (base 15) to base 6
21
-18 (base 9) to base 2
-10001
0 (base 13) to base 14
0
-1d (base 16) to base 6
-45
114 (base 9) to base 11
86
-2b (base 16) to base 14
-31
Convert -1 (base 12) to base 3.
-1
Convert -433 (base 6) to base 13.
-c9
What is 1420 (base 5) in base 3?
22201
-3 (base 14) to base 16
-3
-72 (base 13) to base 9
-113
What is -58 (base 11) in base 4?
-333
Convert 10 (base 2) to base 7.
2
-5b (base 12) to base 15
-4b
What is 2e (base 16) in base 6?
114
Convert 7 (base 8) to base 13.
7
Convert 1 (base 9) to base 11.
1
What is -1 (base 15) in base 12?
-1
-49 (base 13) to base 10
-61
Convert -16 (base 10) to base 11.
-15
What is 1 (base 3) in base 9?
1
Convert -2 (base 10) to base 9.
-2
What is 4 (base 5) in base 8?
4
What is -18 (base 14) in base 4?
-112
Convert -1 (base 6) to base 13.
-1
What is 3c (base 13) in base 12?
43
What is 135 (base 11) in base 15?
a9
47 (base 10) to base 11
43
-2 (base 10) to base 7
-2
0 (base 11) to base 8
0
-10 (base 12) to base 3
-110
51 (base 16) to base 14
5b
-2 (base 7) to base 3
-2
Convert 16 (base 14) to base 15.
15
Convert -18 (base 10) to base 8.
-22
14 (base 9) to base 4
31
-52 (base 12) to base 4
-332
1132 (base 4) to base 2
1011110
1 (base 13) to base 7
1
-25 (base 6) to base 12
-15
Convert -121 (base 3) to base 13.
-13
Convert 1021 (base 6) to base 11.
199
What is -2 (base 8) in base 9?
-2
-1 (base 2) to base 4
-1
Convert 10 (base 7) to base 5.
12
-5 (base 8) to base 15
-5
Convert -110 (base 9) to base 8.
-132
-1120 (base 4) to base 9
-107
-232 (base 4) to base 2
-101110
10 (base 4) to base 14
4
What is 10 (base 3) in base 15?
3
What is -18 (base 11) in base 6?
-31
Convert -11 (base 7) to base 5.
-13
Convert 5 (base 9) to base 11.
5
Convert 3 (base 5) to base 16.
3
6 (base 11) to base